it of 2918?
2
What is the units digit of 14481?
1
What is the thousands digit of 18923?
8
What is the tens digit of 1189?
8
What is the hundreds digit of 2546?
5
What is the hundreds digit of 22272?
2
What is the hundreds digit of 27081?
0
What is the thousands digit of 2371?
2
What is the thousands digit of 125504?
5
What is the units digit of 1860?
0
What is the tens digit of 389?
8
What is the units digit of 1548?
8
What is the units digit of 27563?
3
What is the ten thousands digit of 38024?
3
What is the thousands digit of 1585?
1
What is the hundreds digit of 74435?
4
What is the hundreds digit of 16768?
7
What is the ten thousands digit of 163325?
6
What is the hundreds digit of 4151?
1
What is the ten thousands digit of 13935?
1
What is the hundreds digit of 1747?
7
What is the units digit of 13?
3
What is the thousands digit of 11132?
1
What is the tens digit of 902?
0
What is the tens digit of 117851?
5
What is the thousands digit of 2840?
2
What is the hundreds digit of 5443?
4
What is the thousands digit of 60150?
0
What is the tens digit of 64979?
7
What is the hundreds digit of 78284?
2
What is the tens digit of 60082?
8
What is the thousands digit of 4815?
4
What is the units digit of 27623?
3
What is the units digit of 26572?
2
What is the units digit of 2177?
7
What is the hundreds digit of 13893?
8
What is the hundreds digit of 26506?
5
What is the hundreds digit of 5220?
2
What is the units digit of 5248?
8
What is the tens digit of 78188?
8
What is the tens digit of 18618?
1
What is the tens digit of 6214?
1
What is the units digit of 48?
8
What is the hundreds digit of 468?
4
What is the thousands digit of 11957?
1
What is the units digit of 464?
4
What is the units digit of 17037?
7
What is the units digit of 786?
6
What is the thousands digit of 5455?
5
What is the tens digit of 37857?
5
What is the hundreds digit of 14150?
1
What is the tens digit of 1046?
4
What is the hundreds digit of 1108?
1
What is the tens digit of 4715?
1
What is the tens digit of 2474?
7
What is the units digit of 263?
3
What is the units digit of 18689?
9
What is the tens digit of 593?
9
What is the tens digit of 477?
7
What is the tens digit of 7159?
5
What is the units digit of 68263?
3
What is the tens digit of 491?
9
What is the tens digit of 262?
6
What is the ten thousands digit of 15950?
1
What is the hundreds digit of 1679?
6
What is the hundreds digit of 1837?
8
What is the tens digit of 13498?
9
What is the units digit of 553?
3
What is the tens digit of 1452?
5
What is the tens digit of 2939?
3
What is the tens digit of 1829?
2
What is the hundreds digit of 14091?
0
What is the hundreds digit of 631?
6
What is the units digit of 3078?
8
What is the thousands digit of 1278?
1
What is the thousands digit of 57043?
7
What is the ten thousands digit of 66933?
6
What is the units digit of 4464?
4
What is the tens digit of 13887?
8
What is the ten thousands digit of 51184?
5
What is the hundreds digit of 84755?
7
What is the thousands digit of 5060?
5
What is the hundreds digit of 1584?
5
What is the units digit of 868?
8
What is the thousands digit of 1038?
1
What is the units digit of 40529?
9
What is the tens digit of 45575?
7
What is the units digit of 2315?
5
What is the tens digit of 413?
1
What is the units digit of 82913?
3
What is the thousands digit of 69842?
9
What is the ten thousands digit of 56616?
5
What is the tens digit of 2887?
8
What is the units digit of 32519?
9
What is the hundreds digit of 3789?
7
What is the hundreds digit of 807?
8
What is the tens digit of 516?
1
What is the tens digit of 597?
9
What is the hundreds digit of 4128?
1
What is the thousands digit of 2199?
2
What is the tens digit of 120119?
1
What is the thousands digit of 1216?
1
What is the hundreds digit of 3078?
0
What is the tens digit of 1821?
2
What is the tens digit of 3606?
0
What is the units digit of 406?
6
What is the tens digit of 17507?
0
What is the tens digit of 5432?
3
What is the thousands digit of 7338?
7
What is the ten thousands digit of 80070?
8
What is the hundreds digit of 27021?
0
What is the units digit of 578?
8
What is the tens digit of 448?
4
What is the ten thousands digit of 21225?
2
What is the tens digit of 29?
2
What is the hundreds digit of 2666?
6
What is the units digit of 526?
6
What is the tens digit of 3298?
9
What is the tens digit of 933?
3
What is the units digit of 6560?
0
What is the thousands digit of 4180?
4
What is the thousands digit of 66509?
6
What is the thousands digit of 1598?
1
What is the tens digit of 6474?
7
What is the tens digit of 79409?
0
What is the units digit of 8476?
6
What is the tens digit of 133704?
0
What is the tens digit of 16979?
7
What is the units digit of 1361?
1
What is the thousands digit of 1165?
1
What is the units digit of 6900?
0
What is the units digit of 23937?
7
What is the units digit of 8209?
9
What is the hundreds digit of 42088?
0
What is the thousands digit of 40024?
0
What is the hundreds digit of 7115?
1
What is the hundreds digit of 1538?
5
What is the tens digit of 1177?
7
What is the thousands digit of 2879?
2
What is the ten thousands digit of 39810?
3
What is the thousands digit of 7854?
7
What is the tens digit of 8643?
4
What is the ten thousands digit of 47475?
4
What is the units digit of 795?
5
What is the units digit of 2461?
1
What is the tens digit of 4419?
1
What is the thousands digit of 1813?
1
What is the units digit of 6417?
7
What is the thousands digit of 4089?
4
What is the thousands digit of 15896?
5
What is the tens digit of 3170?
7
What is the thousands digit of 1103?
1
What is the tens digit of 1263?
6
What is the tens digit of 98159?
5
What is the hundreds digit of 322?
3
What is the ten thousands digit of 79551?
7
What is the units digit of 1544?
4
What is the thousands digit of 2657?
2
What is the units digit of 70746?
6
What is the tens digit of 589?
8
What is the thousands digit of 175009?
5
What is the hundreds digit of 3446?
4
What is the hundreds digit of 9501?
5
What is the hundreds digit of 120181?
1
What is the hundreds digit of 6940?
9
What is the thousands digit of 19080?
9
What is the hundreds digit of 7981?
9
What is the tens digit of 7064?
6
What is the tens digit of 1508?
0
What is the units digit of 9029?
9
What is the units digit of 1597?
7
What is the tens digit of 157?
5
What is the tens digit of 3063?
6
What is the tens digit of 1427?
2
What is the hundreds digit of 1511?
5
What is the hundreds digit of 632?
6
What is the tens digit of 148?
4
What is the tens digit of 487?
8
What is the units digit of 10375?
5
What is the tens digit of 10120?
2
What is the thousands digit of 1182?
1
What is the units digit of 17453?
3
What is the units digit of 520?
0
What is the hundreds digit of 173?
1
What is the hundreds digit of 4321?
3
What is the hundreds digit of 10522?
5
What is the hundreds digit of 4409?
4
What is the tens digit of 28247?
4
What is the hundreds digit of 2641?
6
What is the thousands digit of 5742?
5
What is the units digit of 1646?
6
What is the hundreds digit of 3876?
8
What is the thousands digit of 1473?
1
What is the thousands digit of 3665?
3
What is the units digit of 964?
4
What is the hundreds digit of 608?
6
What is the thousands digit of 21703?
1
What is the tens digit of 1915?
1
What is the thousands digit of 28513?
8
What is the units digit of 4416?
6
What is the tens digit of 144?
4
What is the units digit of 7482?
2
What is the ten thousands digit of 16177?
1
What is the units digit of 40915?
5
What is the hundreds digit of 78384?
3
What is the hundreds digit of 688?
6
What is the units digit of 2151?
1
What is the thousands digit of 6428?
6
What is the tens digit of 21593?
9
What is the units digit of 6187?
7
What is the thousands digit of 27176?
7
What is the thousands digit of 2139?
2
What is the hundred thousands digit of 169567?
1
What is the ten thousands digit of 72326?
7
What is the units digit of 7689?
9
What is the tens digit of 340?
4
What is the tens digit of 66247?
4
What is the tens digit of 78852?
5
What is the units digit of 1470?
0
What is the thousands digit of 13916?
3
What is the tens digit of 14687?
8
What is the hundreds digit of 1585?
5
What is the thousands dig